{"id":402,"date":"2022-01-09T22:06:13","date_gmt":"2022-01-09T21:06:13","guid":{"rendered":"http:\/\/studiocreamine.fr\/?page_id=402"},"modified":"2022-03-08T16:37:38","modified_gmt":"2022-03-08T15:37:38","slug":"creation-visuel-et-supports-evenement","status":"publish","type":"page","link":"https:\/\/studiocreamine.fr\/index.php\/creation-visuel-et-supports-evenement\/","title":{"rendered":"Visuels Ev\u00e8nements"},"content":{"rendered":"<p>[et_pb_section fb_built=&#8221;1&#8243; _builder_version=&#8221;4.14.7&#8243; _module_preset=&#8221;default&#8221; custom_margin=&#8221;||0px||false|false&#8221; custom_padding=&#8221;||0px||false|false&#8221; global_colors_info=&#8221;{}&#8221;][et_pb_row _builder_version=&#8221;4.14.7&#8243; _module_preset=&#8221;default&#8221; min_height=&#8221;64px&#8221; global_colors_info=&#8221;{}&#8221;][et_pb_column type=&#8221;4_4&#8243; _builder_version=&#8221;4.14.7&#8243; _module_preset=&#8221;default&#8221; global_colors_info=&#8221;{}&#8221;][et_pb_text _builder_version=&#8221;4.14.8&#8243; _module_preset=&#8221;default&#8221; header_font=&#8221;Quicksand|700|||||||&#8221; header_text_color=&#8221;#f28230&#8243; header_font_size=&#8221;31px&#8221; global_colors_info=&#8221;{}&#8221;]<\/p>\n<h1>Visuels pour supports \u00ab\u00a0\u00e9v\u00e8nement\u00a0\u00bb<\/h1>\n<p>[\/et_pb_text][\/et_pb_column][\/et_pb_row][\/et_pb_section][et_pb_section fb_built=&#8221;1&#8243; _builder_version=&#8221;4.14.7&#8243; _module_preset=&#8221;default&#8221; custom_margin=&#8221;0px||||false|false&#8221; custom_padding=&#8221;10px||||false|false&#8221; global_colors_info=&#8221;{}&#8221;][et_pb_row column_structure=&#8221;1_2,1_2&#8243; _builder_version=&#8221;4.14.8&#8243; _module_preset=&#8221;default&#8221; global_colors_info=&#8221;{}&#8221;][et_pb_column type=&#8221;1_2&#8243; _builder_version=&#8221;4.14.8&#8243; _module_preset=&#8221;default&#8221; global_colors_info=&#8221;{}&#8221;][et_pb_text _builder_version=&#8221;4.14.8&#8243; _module_preset=&#8221;default&#8221; header_3_font=&#8221;Quicksand||||||||&#8221; header_3_text_color=&#8221;#838487&#8243; header_3_line_height=&#8221;1.2em&#8221; header_4_font=&#8221;Quicksand|600|||||||&#8221; header_4_font_size=&#8221;22px&#8221; global_colors_info=&#8221;{}&#8221;]<\/p>\n<h4><span><b>TOPASE<\/b><\/span><\/h4>\n<h3><i>Dispositif mis en place en 2021 par APPUI SANTE en partenariat avec le Centre Sp\u00e9cialis\u00e9 d\u2019Ob\u00e9sit\u00e9 (CSO) et le CHR d\u2019ORLEANS\u00a0<\/i><i><\/i><\/p>\n<p><span>Cr\u00e9ation d\u2019un visuel pour affiches et flyers<span class=\"Apple-converted-space\">\u00a0<\/span><\/span><\/h3>\n<p>[\/et_pb_text][et_pb_image src=&#8221;http:\/\/studiocreamine.fr\/wp-content\/uploads\/2022\/02\/1_visuel-TOPASE_72dpi.png&#8221; title_text=&#8221;1_visuel TOPASE_72dpi&#8221; _builder_version=&#8221;4.14.8&#8243; _module_preset=&#8221;default&#8221; global_colors_info=&#8221;{}&#8221;][\/et_pb_image][\/et_pb_column][et_pb_column type=&#8221;1_2&#8243; _builder_version=&#8221;4.14.8&#8243; _module_preset=&#8221;default&#8221; global_colors_info=&#8221;{}&#8221;][et_pb_text _builder_version=&#8221;4.14.8&#8243; _module_preset=&#8221;default&#8221; header_3_font=&#8221;Quicksand||||||||&#8221; header_3_text_color=&#8221;#838487&#8243; header_3_line_height=&#8221;1.2em&#8221; header_4_font=&#8221;Quicksand|700|||||||&#8221; header_4_font_size=&#8221;22px&#8221; hover_enabled=&#8221;0&#8243; global_colors_info=&#8221;{}&#8221; sticky_enabled=&#8221;0&#8243;]<\/p>\n<h4><b>Rock N\u2019 Roll Party<\/b><span><span class=\"Apple-converted-space\">\u00a0<\/span><\/span><\/h4>\n<h3><i>En 2015 \u00e0 St Pryv\u00e9 st Mesmin<\/i><\/p>\n<p>Cr\u00e9ation d\u2019un visuel \u00e0 d\u00e9cliner sur affiches A3, flyers A5, visuel abris-bus, visuel Clear Chanel, b\u00e2che 4m20 de long, tee-shirts,&#8230;<\/h3>\n<p>[\/et_pb_text][et_pb_image src=&#8221;http:\/\/studiocreamine.fr\/wp-content\/uploads\/2022\/02\/2_RockRoll-Party_72dpi.png&#8221; title_text=&#8221;2_Rock&#038;Roll Party_72dpi&#8221; _builder_version=&#8221;4.14.8&#8243; _module_preset=&#8221;default&#8221; global_colors_info=&#8221;{}&#8221;][\/et_pb_image][\/et_pb_column][\/et_pb_row][et_pb_row column_structure=&#8221;1_2,1_2&#8243; _builder_version=&#8221;4.14.8&#8243; _module_preset=&#8221;default&#8221; custom_padding=&#8221;100px||||false|false&#8221; global_colors_info=&#8221;{}&#8221;][et_pb_column type=&#8221;1_2&#8243; _builder_version=&#8221;4.14.8&#8243; _module_preset=&#8221;default&#8221; global_colors_info=&#8221;{}&#8221;][et_pb_text _builder_version=&#8221;4.14.8&#8243; _module_preset=&#8221;default&#8221; header_3_font=&#8221;Quicksand||||||||&#8221; header_3_text_color=&#8221;#838487&#8243; header_3_line_height=&#8221;1.2em&#8221; header_4_font=&#8221;Quicksand|600|||||||&#8221; header_4_font_size=&#8221;22px&#8221; global_colors_info=&#8221;{}&#8221;]<\/p>\n<h4><b>P\u00d4LE 45 EN F\u00caTE<\/b><\/h4>\n<h3><i>via ABSOLEM, agence d\u2019\u00e9v\u00e8nementiel<\/i><\/p>\n<p>Cr\u00e9ation d\u2019un visuel \u00e0 partir des illustrations noires faites par illustrateur partenaire<br \/>\nMise en couleur &#8211; Mise en page affiche 40&#215;60 cm, flyer A5 recto\/verso et banni\u00e8res web<\/h3>\n<p>[\/et_pb_text][et_pb_image src=&#8221;http:\/\/studiocreamine.fr\/wp-content\/uploads\/2022\/02\/3_Pole45-en-fete_72pdi.png&#8221; title_text=&#8221;3_Pole45 en fete_72pdi&#8221; _builder_version=&#8221;4.14.8&#8243; _module_preset=&#8221;default&#8221; global_colors_info=&#8221;{}&#8221;][\/et_pb_image][\/et_pb_column][et_pb_column type=&#8221;1_2&#8243; _builder_version=&#8221;4.14.8&#8243; _module_preset=&#8221;default&#8221; global_colors_info=&#8221;{}&#8221;][et_pb_text _builder_version=&#8221;4.14.8&#8243; _module_preset=&#8221;default&#8221; header_font_size=&#8221;29px&#8221; header_line_height=&#8221;0.8em&#8221; header_3_font=&#8221;Quicksand||||||||&#8221; header_3_text_color=&#8221;#838487&#8243; header_3_line_height=&#8221;1.2em&#8221; header_4_font=&#8221;Quicksand|700|||||||&#8221; header_4_font_size=&#8221;22px&#8221; global_colors_info=&#8221;{}&#8221;]<\/p>\n<h4><span><b>Action Pilote \u00abEnvironnement Loire\u00bb<span class=\"Apple-converted-space\">\u00a0 <\/span><\/b><br \/><\/span><i><\/i><\/h4>\n<h3><i>men\u00e9e par l\u2019Institut de Radioprotection et de S\u00fbret\u00e9 Nucl\u00e9aire (I.R.S.N R\u00e9gion parisienne)<\/i><b><br \/><\/b><i>Appel d\u2019offre remport\u00e9 en 2008<br \/><\/i><br \/>\nCr\u00e9ation d\u2019une identit\u00e9 visuelle<br \/>Mise en page Rapport d\u2019activit\u00e9s de 48 pages et Communiqu\u00e9 de presse (format A4)<br \/>R\u00e9alisation pochettes et galettes CD + gravures<br \/>Gestion de l\u2019impression et du routage<br \/>Cr\u00e9ation \/ impression Cartons d\u2019invitation, T\u00eates de lettre, Poster, D\u00e9pliants 3 volets pour le programme du s\u00e9minaire<br \/>Cr\u00e9ation Fonds PowerPoint,&#8230;<\/h3>\n<p>[\/et_pb_text][et_pb_image src=&#8221;http:\/\/studiocreamine.fr\/wp-content\/uploads\/2022\/02\/4_visuel-ACTIONPILOTE_72dpi_OK.png&#8221; title_text=&#8221;4_visuel ACTIONPILOTE_72dpi_OK&#8221; _builder_version=&#8221;4.14.8&#8243; _module_preset=&#8221;default&#8221; global_colors_info=&#8221;{}&#8221;][\/et_pb_image][\/et_pb_column][\/et_pb_row][et_pb_row _builder_version=&#8221;4.14.8&#8243; _module_preset=&#8221;default&#8221; custom_padding=&#8221;100px||||false|false&#8221; global_colors_info=&#8221;{}&#8221;][et_pb_column type=&#8221;4_4&#8243; _builder_version=&#8221;4.14.8&#8243; _module_preset=&#8221;default&#8221; global_colors_info=&#8221;{}&#8221;][et_pb_text _builder_version=&#8221;4.14.8&#8243; _module_preset=&#8221;default&#8221; header_3_font=&#8221;Quicksand||||||||&#8221; header_3_text_color=&#8221;#838487&#8243; header_3_line_height=&#8221;1.4em&#8221; header_4_font=&#8221;Quicksand||||||||&#8221; header_4_font_size=&#8221;22px&#8221; global_colors_info=&#8221;{}&#8221;]<\/p>\n<h4><span><b>Partenariat SARL<\/b><\/span><b> PICVERT<\/b> <b>\/ DREAMWORKS<\/b><\/h4>\n<h3>Cr\u00e9ation de tous les supports li\u00e9s au partenariat pour la sortie du film TURBO en 3D au cin\u00e9ma en 2013\u00a0:<br \/>Cr\u00e9ation \u00e9tiquettes \u00abproduits\u00bb PICVERT \u00e0 l\u2019effigie du film et supports marketing avec jeu concours<br \/>Graphisme pour box de vente en \u00ab\u00a0t\u00eate de rayon\u00a0\u00bb dans magasins et grandes surfaces<br \/>(d\u00e9clinaison du box en mini-kit de bureau).<br \/>R\u00e9alisation pages pub dans presse nationale (R\u00e9gal, Cuisine actuelle, Maxi Cuisine,\u2026)<br \/>+ visuels page web et relation avec agence m\u00e9dia<\/h3>\n<p>[\/et_pb_text][dsm_image_carousel gallery_ids=&#8221;2053,2054,2055,2056,2057,2058,2059,2060,2061,2062&#8243; slide_to_show=&#8221;1&#8243; autoplay=&#8221;off&#8221; space_between=&#8221;0&#8243; _builder_version=&#8221;4.14.8&#8243; _module_preset=&#8221;default&#8221; global_colors_info=&#8221;{}&#8221;][\/dsm_image_carousel][\/et_pb_column][\/et_pb_row][et_pb_row _builder_version=&#8221;4.14.8&#8243; _module_preset=&#8221;default&#8221; custom_margin=&#8221;||0px||false|false&#8221; custom_padding=&#8221;100px||0px||false|false&#8221; global_colors_info=&#8221;{}&#8221;][et_pb_column type=&#8221;4_4&#8243; _builder_version=&#8221;4.14.8&#8243; _module_preset=&#8221;default&#8221; global_colors_info=&#8221;{}&#8221;][et_pb_text _builder_version=&#8221;4.14.8&#8243; _module_preset=&#8221;default&#8221; header_3_font=&#8221;Quicksand||||||||&#8221; header_3_text_color=&#8221;#838487&#8243; header_3_line_height=&#8221;1.4em&#8221; header_4_font=&#8221;Quicksand||||||||&#8221; header_4_font_size=&#8221;22px&#8221; hover_enabled=&#8221;0&#8243; global_colors_info=&#8221;{}&#8221; sticky_enabled=&#8221;0&#8243;]<\/p>\n<h4><b>Les 50 ans du<\/b><span><b> <\/b><\/span><b>SITOMAP<\/b><span><i><span class=\"Apple-converted-space\">\u00a0<\/span><\/i><\/span><\/h4>\n<h3><i>Syndicat Intercommunal pour l\u2019\u00e9limination des d\u00e9chets m\u00e9nagers du Pithiverais (2018)<\/i><\/p>\n<p>Cr\u00e9ation \/ impression Livret \u00ab \u00e9volution des ann\u00e9es en photos\u00a0\u00bb (24 pages A4), roll up, cartons d\u2019invitations 2 volets, 10&#215;21 cm.<\/h3>\n<p>[\/et_pb_text][dsm_image_carousel gallery_ids=&#8221;2067,2068,2069,2070,2071,2072,2073,2074,2075&#8243; slide_to_show=&#8221;1&#8243; autoplay=&#8221;off&#8221; space_between=&#8221;0&#8243; _builder_version=&#8221;4.14.8&#8243; _module_preset=&#8221;default&#8221; custom_margin=&#8221;0px||||false|false&#8221; custom_padding=&#8221;0px||||false|false&#8221; global_colors_info=&#8221;{}&#8221;][\/dsm_image_carousel][\/et_pb_column][\/et_pb_row][et_pb_row _builder_version=&#8221;4.14.8&#8243; _module_preset=&#8221;default&#8221; custom_padding=&#8221;50px||||false|false&#8221; global_colors_info=&#8221;{}&#8221;][et_pb_column type=&#8221;4_4&#8243; _builder_version=&#8221;4.14.8&#8243; _module_preset=&#8221;default&#8221; global_colors_info=&#8221;{}&#8221;][et_pb_text _builder_version=&#8221;4.14.8&#8243; _module_preset=&#8221;default&#8221; header_3_font=&#8221;Quicksand||||||||&#8221; header_3_text_color=&#8221;#838487&#8243; header_3_line_height=&#8221;1.4em&#8221; header_4_font=&#8221;Quicksand||||||||&#8221; header_4_font_size=&#8221;22px&#8221; global_colors_info=&#8221;{}&#8221;]<\/p>\n<h3>Et aussi\u00a0:<\/h3>\n<h3>Pour \u00ables Portes Ouvertes 2013\u00bb de <span>SIDESUP<\/span> (usine de deshydratation \/ producteur de granul\u00e9s de bois)<b> <\/b><br \/>Cr\u00e9ation et impression des diff\u00e9rents supports (cartons d\u2019invitation, enrouleurs, pop comptoir, d\u00e9pliants distributeurs,&#8230;)<\/h3>\n<h3><span>Pour l<i>\u2019<\/i>Atelier Europ\u00e9en de la Traduction<\/span><i> <\/i>(AET Orl\u00e9ans) : promotion d\u2019\u00e9v\u00e8nements culturels internationaux en 2006 et 2007<\/h3>\n<h3>Pour <span>Les Vitrines d\u2019Orl\u00e9ans<i>, <\/i><\/span>r\u00e9alisation des visuels \u00ab\u00a0annonceurs\u00a0\u00bb<span class=\"Apple-converted-space\">\u00a0 <\/span>pour panneaux du petit train (no\u00ebl 2012)<span class=\"Apple-converted-space\">\u00a0<\/span><\/h3>\n<p>[\/et_pb_text][\/et_pb_column][\/et_pb_row][\/et_pb_section]<\/p>\n","protected":false},"excerpt":{"rendered":"<p>Visuels pour supports \u00ab\u00a0\u00e9v\u00e8nement\u00a0\u00bbTOPASE Dispositif mis en place en 2021 par APPUI SANTE en partenariat avec le Centre Sp\u00e9cialis\u00e9 d\u2019Ob\u00e9sit\u00e9 (CSO) et le CHR d\u2019ORLEANS\u00a0 Cr\u00e9ation d\u2019un visuel pour affiches et flyers\u00a0Rock N\u2019 Roll Party\u00a0 En 2015 \u00e0 St Pryv\u00e9 st Mesmin Cr\u00e9ation d\u2019un visuel \u00e0 d\u00e9cliner sur affiches A3, flyers A5, visuel abris-bus, visuel [&hellip;]<\/p>\n","protected":false},"author":1,"featured_media":0,"parent":0,"menu_order":0,"comment_status":"closed","ping_status":"closed","template":"","meta":{"_et_pb_use_builder":"on","_et_pb_old_content":"","_et_gb_content_width":""},"yoast_head":"<!-- This site is optimized with the Yoast SEO plugin v18.8 - https:\/\/yoast.com\/wordpress\/plugins\/seo\/ -->\n<title>Visuels Ev\u00e8nements - Studio Cr\u00e9amine<\/title>\n<meta name=\"robots\" content=\"index, follow, max-snippet:-1, max-image-preview:large, max-video-preview:-1\" \/>\n<link rel=\"canonical\" href=\"https:\/\/studiocreamine.fr\/index.php\/creation-visuel-et-supports-evenement\/\" \/>\n<meta property=\"og:locale\" content=\"fr_FR\" \/>\n<meta property=\"og:type\" content=\"article\" \/>\n<meta property=\"og:title\" content=\"Visuels Ev\u00e8nements - Studio Cr\u00e9amine\" \/>\n<meta property=\"og:description\" content=\"Identit\u00e9 visuelleLe Studio Cr\u00e9amine est sp\u00e9cialis\u00e9 en cr\u00e9ation de logo. 20 ans d&#039;exp\u00e9rience et de passion. Cr\u00e9ation Identit\u00e9 visuelle vectorielle avec pr\u00e9sentation diff\u00e9rents axes de recherche. Logo nom commercial, cr\u00e9ation d&#039;entreprise \/ Relooking de logo Marques pour lancement de produits \/ Logo visuel \u00e9v\u00e8nement\" \/>\n<meta property=\"og:url\" content=\"https:\/\/studiocreamine.fr\/index.php\/creation-visuel-et-supports-evenement\/\" \/>\n<meta property=\"og:site_name\" content=\"Studio Cr\u00e9amine\" \/>\n<meta property=\"article:modified_time\" content=\"2022-03-08T15:37:38+00:00\" \/>\n<meta name=\"twitter:card\" content=\"summary_large_image\" \/>\n<meta name=\"twitter:label1\" content=\"Dur\u00e9e de lecture estim\u00e9e\" \/>\n\t<meta name=\"twitter:data1\" content=\"6 minutes\" \/>\n<script type=\"application\/ld+json\" class=\"yoast-schema-graph\">{\"@context\":\"https:\/\/schema.org\",\"@graph\":[{\"@type\":\"Organization\",\"@id\":\"https:\/\/studiocreamine.fr\/#organization\",\"name\":\"Studio Cr\u00e9amine\",\"url\":\"https:\/\/studiocreamine.fr\/\",\"sameAs\":[],\"logo\":{\"@type\":\"ImageObject\",\"inLanguage\":\"fr-FR\",\"@id\":\"https:\/\/studiocreamine.fr\/#\/schema\/logo\/image\/\",\"url\":\"http:\/\/studiocreamine.fr\/wp-content\/uploads\/2022\/01\/logo-CREAMINE-site.png\",\"contentUrl\":\"http:\/\/studiocreamine.fr\/wp-content\/uploads\/2022\/01\/logo-CREAMINE-site.png\",\"width\":1851,\"height\":1337,\"caption\":\"Studio Cr\u00e9amine\"},\"image\":{\"@id\":\"https:\/\/studiocreamine.fr\/#\/schema\/logo\/image\/\"}},{\"@type\":\"WebSite\",\"@id\":\"https:\/\/studiocreamine.fr\/#website\",\"url\":\"https:\/\/studiocreamine.fr\/\",\"name\":\"Studio Cr\u00e9amine\",\"description\":\"\",\"publisher\":{\"@id\":\"https:\/\/studiocreamine.fr\/#organization\"},\"potentialAction\":[{\"@type\":\"SearchAction\",\"target\":{\"@type\":\"EntryPoint\",\"urlTemplate\":\"https:\/\/studiocreamine.fr\/?s={search_term_string}\"},\"query-input\":\"required name=search_term_string\"}],\"inLanguage\":\"fr-FR\"},{\"@type\":\"WebPage\",\"@id\":\"https:\/\/studiocreamine.fr\/index.php\/creation-visuel-et-supports-evenement\/#webpage\",\"url\":\"https:\/\/studiocreamine.fr\/index.php\/creation-visuel-et-supports-evenement\/\",\"name\":\"Visuels Ev\u00e8nements - Studio Cr\u00e9amine\",\"isPartOf\":{\"@id\":\"https:\/\/studiocreamine.fr\/#website\"},\"datePublished\":\"2022-01-09T21:06:13+00:00\",\"dateModified\":\"2022-03-08T15:37:38+00:00\",\"breadcrumb\":{\"@id\":\"https:\/\/studiocreamine.fr\/index.php\/creation-visuel-et-supports-evenement\/#breadcrumb\"},\"inLanguage\":\"fr-FR\",\"potentialAction\":[{\"@type\":\"ReadAction\",\"target\":[\"https:\/\/studiocreamine.fr\/index.php\/creation-visuel-et-supports-evenement\/\"]}]},{\"@type\":\"BreadcrumbList\",\"@id\":\"https:\/\/studiocreamine.fr\/index.php\/creation-visuel-et-supports-evenement\/#breadcrumb\",\"itemListElement\":[{\"@type\":\"ListItem\",\"position\":1,\"name\":\"Accueil\",\"item\":\"https:\/\/studiocreamine.fr\/\"},{\"@type\":\"ListItem\",\"position\":2,\"name\":\"Visuels Ev\u00e8nements\"}]}]}<\/script>\n<!-- \/ Yoast SEO plugin. -->","yoast_head_json":{"title":"Visuels Ev\u00e8nements - Studio Cr\u00e9amine","robots":{"index":"index","follow":"follow","max-snippet":"max-snippet:-1","max-image-preview":"max-image-preview:large","max-video-preview":"max-video-preview:-1"},"canonical":"https:\/\/studiocreamine.fr\/index.php\/creation-visuel-et-supports-evenement\/","og_locale":"fr_FR","og_type":"article","og_title":"Visuels Ev\u00e8nements - Studio Cr\u00e9amine","og_description":"Identit\u00e9 visuelleLe Studio Cr\u00e9amine est sp\u00e9cialis\u00e9 en cr\u00e9ation de logo. 20 ans d'exp\u00e9rience et de passion. Cr\u00e9ation Identit\u00e9 visuelle vectorielle avec pr\u00e9sentation diff\u00e9rents axes de recherche. Logo nom commercial, cr\u00e9ation d'entreprise \/ Relooking de logo Marques pour lancement de produits \/ Logo visuel \u00e9v\u00e8nement","og_url":"https:\/\/studiocreamine.fr\/index.php\/creation-visuel-et-supports-evenement\/","og_site_name":"Studio Cr\u00e9amine","article_modified_time":"2022-03-08T15:37:38+00:00","twitter_card":"summary_large_image","twitter_misc":{"Dur\u00e9e de lecture estim\u00e9e":"6 minutes"},"schema":{"@context":"https:\/\/schema.org","@graph":[{"@type":"Organization","@id":"https:\/\/studiocreamine.fr\/#organization","name":"Studio Cr\u00e9amine","url":"https:\/\/studiocreamine.fr\/","sameAs":[],"logo":{"@type":"ImageObject","inLanguage":"fr-FR","@id":"https:\/\/studiocreamine.fr\/#\/schema\/logo\/image\/","url":"http:\/\/studiocreamine.fr\/wp-content\/uploads\/2022\/01\/logo-CREAMINE-site.png","contentUrl":"http:\/\/studiocreamine.fr\/wp-content\/uploads\/2022\/01\/logo-CREAMINE-site.png","width":1851,"height":1337,"caption":"Studio Cr\u00e9amine"},"image":{"@id":"https:\/\/studiocreamine.fr\/#\/schema\/logo\/image\/"}},{"@type":"WebSite","@id":"https:\/\/studiocreamine.fr\/#website","url":"https:\/\/studiocreamine.fr\/","name":"Studio Cr\u00e9amine","description":"","publisher":{"@id":"https:\/\/studiocreamine.fr\/#organization"},"potentialAction":[{"@type":"SearchAction","target":{"@type":"EntryPoint","urlTemplate":"https:\/\/studiocreamine.fr\/?s={search_term_string}"},"query-input":"required name=search_term_string"}],"inLanguage":"fr-FR"},{"@type":"WebPage","@id":"https:\/\/studiocreamine.fr\/index.php\/creation-visuel-et-supports-evenement\/#webpage","url":"https:\/\/studiocreamine.fr\/index.php\/creation-visuel-et-supports-evenement\/","name":"Visuels Ev\u00e8nements - Studio Cr\u00e9amine","isPartOf":{"@id":"https:\/\/studiocreamine.fr\/#website"},"datePublished":"2022-01-09T21:06:13+00:00","dateModified":"2022-03-08T15:37:38+00:00","breadcrumb":{"@id":"https:\/\/studiocreamine.fr\/index.php\/creation-visuel-et-supports-evenement\/#breadcrumb"},"inLanguage":"fr-FR","potentialAction":[{"@type":"ReadAction","target":["https:\/\/studiocreamine.fr\/index.php\/creation-visuel-et-supports-evenement\/"]}]},{"@type":"BreadcrumbList","@id":"https:\/\/studiocreamine.fr\/index.php\/creation-visuel-et-supports-evenement\/#breadcrumb","itemListElement":[{"@type":"ListItem","position":1,"name":"Accueil","item":"https:\/\/studiocreamine.fr\/"},{"@type":"ListItem","position":2,"name":"Visuels Ev\u00e8nements"}]}]}},"_links":{"self":[{"href":"https:\/\/studiocreamine.fr\/index.php\/wp-json\/wp\/v2\/pages\/402"}],"collection":[{"href":"https:\/\/studiocreamine.fr\/index.php\/wp-json\/wp\/v2\/pages"}],"about":[{"href":"https:\/\/studiocreamine.fr\/index.php\/wp-json\/wp\/v2\/types\/page"}],"author":[{"embeddable":true,"href":"https:\/\/studiocreamine.fr\/index.php\/wp-json\/wp\/v2\/users\/1"}],"replies":[{"embeddable":true,"href":"https:\/\/studiocreamine.fr\/index.php\/wp-json\/wp\/v2\/comments?post=402"}],"version-history":[{"count":31,"href":"https:\/\/studiocreamine.fr\/index.php\/wp-json\/wp\/v2\/pages\/402\/revisions"}],"predecessor-version":[{"id":2167,"href":"https:\/\/studiocreamine.fr\/index.php\/wp-json\/wp\/v2\/pages\/402\/revisions\/2167"}],"wp:attachment":[{"href":"https:\/\/studiocreamine.fr\/index.php\/wp-json\/wp\/v2\/media?parent=402"}],"curies":[{"name":"wp","href":"https:\/\/api.w.org\/{rel}","templated":true}]}}