{"id":794,"date":"2022-01-27T10:48:08","date_gmt":"2022-01-27T09:48:08","guid":{"rendered":"http:\/\/studiocreamine.fr\/?page_id=794"},"modified":"2022-03-08T16:18:36","modified_gmt":"2022-03-08T15:18:36","slug":"panneaux-signaletique","status":"publish","type":"page","link":"https:\/\/studiocreamine.fr\/index.php\/panneaux-signaletique\/","title":{"rendered":"Panneaux, signal\u00e9tique"},"content":{"rendered":"<p>[et_pb_section fb_built=&#8221;1&#8243; _builder_version=&#8221;4.14.7&#8243; _module_preset=&#8221;default&#8221; custom_margin=&#8221;||0px||false|false&#8221; custom_padding=&#8221;||0px||false|false&#8221; global_colors_info=&#8221;{}&#8221;][et_pb_row _builder_version=&#8221;4.14.7&#8243; _module_preset=&#8221;default&#8221; min_height=&#8221;64px&#8221; global_colors_info=&#8221;{}&#8221;][et_pb_column type=&#8221;4_4&#8243; _builder_version=&#8221;4.14.7&#8243; _module_preset=&#8221;default&#8221; global_colors_info=&#8221;{}&#8221;][et_pb_text _builder_version=&#8221;4.14.8&#8243; _module_preset=&#8221;default&#8221; header_font=&#8221;Quicksand|700|||||||&#8221; header_text_color=&#8221;#f28230&#8243; header_font_size=&#8221;31px&#8221; global_colors_info=&#8221;{}&#8221;]<\/p>\n<h1>Panneaux, Signal\u00e9tique<\/h1>\n<p>[\/et_pb_text][\/et_pb_column][\/et_pb_row][et_pb_row _builder_version=&#8221;4.14.7&#8243; _module_preset=&#8221;default&#8221; min_height=&#8221;66px&#8221; custom_margin=&#8221;0px||0px||false|false&#8221; custom_padding=&#8221;0px||0px||false|false&#8221; global_colors_info=&#8221;{}&#8221;][et_pb_column type=&#8221;4_4&#8243; _builder_version=&#8221;4.14.7&#8243; _module_preset=&#8221;default&#8221; global_colors_info=&#8221;{}&#8221;][et_pb_text _builder_version=&#8221;4.14.8&#8243; _module_preset=&#8221;default&#8221; header_4_font=&#8221;Quicksand||||||||&#8221; header_4_text_color=&#8221;#838487&#8243; header_4_font_size=&#8221;22px&#8221; header_4_line_height=&#8221;1.2em&#8221; scroll_horizontal_motion=&#8221;0|75|75|100|4|0|-4&#8243; global_colors_info=&#8221;{}&#8221;]<\/p>\n<h3><b>LOIRET NATURE ENVIRONNEMENT<\/b><span class=\"Apple-converted-space\">\u00a0<\/span><\/h3>\n<h4><span><i>en partenariat avec un illustrateur<\/i><\/span><i><br \/><\/i>Cr\u00e9ation de visuels pour un parcours p\u00e9dagogique \u00e0 Saint-Pryv\u00e9-Saint-Mesmin\u00a0: 1 panneau \u00abaccueil\u00bb, 54 plaques \u00abesp\u00e8ces\u00bb, 1 grand panneau Oiseaux et visuels fl\u00e9chages<\/h4>\n<p>[\/et_pb_text][\/et_pb_column][\/et_pb_row][\/et_pb_section][et_pb_section fb_built=&#8221;1&#8243; _builder_version=&#8221;4.14.7&#8243; _module_preset=&#8221;default&#8221; custom_margin=&#8221;0px||||false|false&#8221; custom_padding=&#8221;10px||||false|false&#8221; global_colors_info=&#8221;{}&#8221;][et_pb_row _builder_version=&#8221;4.14.8&#8243; _module_preset=&#8221;default&#8221; min_height=&#8221;479px&#8221; custom_padding=&#8221;0px||||false|false&#8221; global_colors_info=&#8221;{}&#8221;][et_pb_column type=&#8221;4_4&#8243; _builder_version=&#8221;4.14.7&#8243; _module_preset=&#8221;default&#8221; global_colors_info=&#8221;{}&#8221;][dsm_image_carousel gallery_ids=&#8221;1918,1919,1920,1921,1922,1923,1924&#8243; slide_to_show=&#8221;1&#8243; speed=&#8221;681&#8243; autoplay=&#8221;off&#8221; space_between=&#8221;100&#8243; infinite=&#8221;off&#8221; grab=&#8221;off&#8221; arrow_background_color=&#8221;RGBA(255,255,255,0)&#8221; _builder_version=&#8221;4.14.8&#8243; _module_preset=&#8221;default&#8221; custom_padding=&#8221;17px||17px||false|false&#8221; hover_enabled=&#8221;0&#8243; global_colors_info=&#8221;{}&#8221; sticky_enabled=&#8221;0&#8243;][\/dsm_image_carousel][\/et_pb_column][\/et_pb_row][et_pb_row _builder_version=&#8221;4.14.8&#8243; _module_preset=&#8221;default&#8221; min_height=&#8221;66px&#8221; custom_margin=&#8221;10px||0px||false|false&#8221; custom_padding=&#8221;30px||0px||false|false&#8221; global_colors_info=&#8221;{}&#8221;][et_pb_column type=&#8221;4_4&#8243; _builder_version=&#8221;4.14.7&#8243; _module_preset=&#8221;default&#8221; global_colors_info=&#8221;{}&#8221;][et_pb_text _builder_version=&#8221;4.14.8&#8243; _module_preset=&#8221;default&#8221; header_4_font=&#8221;Quicksand||||||||&#8221; header_4_text_color=&#8221;#838487&#8243; header_4_font_size=&#8221;22px&#8221; header_4_line_height=&#8221;1.4em&#8221; custom_margin=&#8221;||0px||false|false&#8221; custom_padding=&#8221;||0px||false|false&#8221; scroll_horizontal_motion=&#8221;0|75|75|100|4|0|-4&#8243; global_colors_info=&#8221;{}&#8221;]<\/p>\n<h3><span><b>SITOMAP<\/b><\/span><\/h3>\n<h4><span> <\/span><span>(<\/span>Syndicat Intercommunal pour l&#8217;\u00e9limination des d\u00e9chets m\u00e9nagers du Pithiverais)<\/h4>\n<h4><\/h4>\n<h4>Cr\u00e9ation de 9 visuels (2m x 64cm) &#8211; Pose de vinyle sur plaques alu (175 m2)<span class=\"Apple-converted-space\">\u00a0<\/span><br \/><span>Au total 69 panneaux recto\/verso r\u00e9partis sur 8 d\u00e9ch\u00e8teries\u00a0<\/span>(Pithiviers, Beaune-la-Rolande, M\u00e9r\u00e9ville, Sermaises, Loury, Malesherbes, Bazoches-les-Gallerandes, Puiseaux).<span>\u00a0<\/span><br \/>Cr\u00e9ation de petits panneaux \u00ab\u00a0chiffres\u00a0\u00bb &#8211; D\u00e9coupe dans vinyle adh\u00e9sif noir &#8211; Echenillage et pose sur plaques<\/h4>\n<h4><i><\/i><\/h4>\n<h4><i>Encadrement m\u00e9tal sur-mesure et pose sur site effectu\u00e9e par SGM, Soci\u00e9t\u00e9 G\u00e9n\u00e9rale de M\u00e9tallerie.<\/i><\/h4>\n<h4><\/h4>\n<p>[\/et_pb_text][\/et_pb_column][\/et_pb_row][et_pb_row _builder_version=&#8221;4.14.8&#8243; _module_preset=&#8221;default&#8221; min_height=&#8221;479px&#8221; custom_padding=&#8221;0px||||false|false&#8221; global_colors_info=&#8221;{}&#8221;][et_pb_column type=&#8221;4_4&#8243; _builder_version=&#8221;4.14.7&#8243; _module_preset=&#8221;default&#8221; global_colors_info=&#8221;{}&#8221;][dsm_image_carousel gallery_ids=&#8221;1925,1926,1927,1928,1929,1930,1931,1932,1933&#8243; slide_to_show=&#8221;1&#8243; speed=&#8221;681&#8243; autoplay=&#8221;off&#8221; space_between=&#8221;100&#8243; infinite=&#8221;off&#8221; grab=&#8221;off&#8221; arrow_color=&#8221;#000000&#8243; arrow_background_color=&#8221;RGBA(255,255,255,0)&#8221; _builder_version=&#8221;4.14.8&#8243; _module_preset=&#8221;default&#8221; custom_padding=&#8221;17px||17px||false|false&#8221; hover_enabled=&#8221;0&#8243; global_colors_info=&#8221;{}&#8221; sticky_enabled=&#8221;0&#8243;][\/dsm_image_carousel][\/et_pb_column][\/et_pb_row][et_pb_row _builder_version=&#8221;4.14.8&#8243; _module_preset=&#8221;default&#8221; min_height=&#8221;66px&#8221; custom_margin=&#8221;10px||0px||false|false&#8221; custom_padding=&#8221;30px||0px||false|false&#8221; global_colors_info=&#8221;{}&#8221;][et_pb_column type=&#8221;4_4&#8243; _builder_version=&#8221;4.14.7&#8243; _module_preset=&#8221;default&#8221; global_colors_info=&#8221;{}&#8221;][et_pb_text _builder_version=&#8221;4.14.8&#8243; _module_preset=&#8221;default&#8221; header_4_font=&#8221;Quicksand||||||||&#8221; header_4_text_color=&#8221;#838487&#8243; header_4_font_size=&#8221;22px&#8221; header_4_line_height=&#8221;1.2em&#8221; custom_margin=&#8221;||0px||false|false&#8221; custom_padding=&#8221;||0px||false|false&#8221; scroll_horizontal_motion=&#8221;0|75|75|100|4|0|-4&#8243; global_colors_info=&#8221;{}&#8221;]<\/p>\n<h3><b>TP BAT<\/b><span class=\"Apple-converted-space\">\u00a0<\/span><\/h3>\n<h4>R\u00e9alisation panneaux \u00ab Chantier de construction \u00bb (4x3m, 2x3m,&#8230;) sur 10 sites <i>(de 2012 \u00e0 2015)<\/i> &#8211; Gestion impression sur plaque et gestion pose sur site<\/h4>\n<h4><\/h4>\n<h4>R\u00e9alisation panneaux et visuel stop trottoir pour LA CAPITAINERIE<br \/>Et aussi cr\u00e9ation \/ impression panneaux Akilux (40 x 60 cm , 80 x 120 cm,\u2026) et b\u00e2ches sur-mesure<\/h4>\n<h4><\/h4>\n<p>[\/et_pb_text][\/et_pb_column][\/et_pb_row][et_pb_row _builder_version=&#8221;4.14.8&#8243; _module_preset=&#8221;default&#8221; min_height=&#8221;479px&#8221; custom_padding=&#8221;0px||||false|false&#8221; global_colors_info=&#8221;{}&#8221;][et_pb_column type=&#8221;4_4&#8243; _builder_version=&#8221;4.14.7&#8243; _module_preset=&#8221;default&#8221; global_colors_info=&#8221;{}&#8221;][dsm_image_carousel gallery_ids=&#8221;1995,1996,1997,1998,1999,2000,2001,2002,2003,2004,2005,2006,2007,2008&#8243; slide_to_show=&#8221;1&#8243; speed=&#8221;681&#8243; autoplay=&#8221;off&#8221; space_between=&#8221;100&#8243; infinite=&#8221;off&#8221; grab=&#8221;off&#8221; arrow_color=&#8221;#000000&#8243; arrow_background_color=&#8221;RGBA(255,255,255,0)&#8221; _builder_version=&#8221;4.14.8&#8243; _module_preset=&#8221;default&#8221; custom_padding=&#8221;17px||17px||false|false&#8221; hover_enabled=&#8221;0&#8243; global_colors_info=&#8221;{}&#8221; sticky_enabled=&#8221;0&#8243;][\/dsm_image_carousel][\/et_pb_column][\/et_pb_row][\/et_pb_section]<\/p>\n","protected":false},"excerpt":{"rendered":"<p>Panneaux, Signal\u00e9tiqueLOIRET NATURE ENVIRONNEMENT\u00a0 en partenariat avec un illustrateurCr\u00e9ation de visuels pour un parcours p\u00e9dagogique \u00e0 Saint-Pryv\u00e9-Saint-Mesmin\u00a0: 1 panneau \u00abaccueil\u00bb, 54 plaques \u00abesp\u00e8ces\u00bb, 1 grand panneau Oiseaux et visuels fl\u00e9chages<div class=\"et_pb_module dsm_image_carousel dsm_image_carousel_0  dsm_image_carousel_arrow_outside dsm_image_carousel_arrow_mobile_inside \">\n\t\t\t\t\n\t\t\t\t\n\t\t\t\t\n\t\t\t\t\n\t\t\t\t\n\t\t\t\t\n\t\t\t\t<div class=\"et_pb_module_inner\">\n\t\t\t\t\t<div class=\"swiper-container dsm_image_carousel_container\" dir=\"ltr\" data-params=[{\"effect\":\"default\",\"slider_effect_shadows\":false,\"slider_effect_coverflow_rotate\":\"30\",\"slider_effect_coverflow_depth\":\"0\",\"loop\":false,\"slide_to_show\":\"1\",\"slide_to_show_tablet\":\"1\",\"slide_to_show_phone\":\"1\",\"slide_to_scroll\":\"1\",\"slide_to_scroll_tablet\":\"1\",\"slide_to_scroll_phone\":\"1\",\"space_between\":\"100\",\"space_between_tablet\":\"100\",\"space_between_phone\":\"100\",\"slide_row\":\"1\",\"centered_slides\":false,\"speed\":\"681\",\"autoplay\":false,\"autoplay_speed\":\"3000\",\"touch_move\":true,\"grab\":false,\"pause_on_hover\":false,\"show_lightbox\":false,\"lightbox_gallery\":\"false\",\"lightbox_caption\":\"false\",\"infinite_scrolling\":\"false\"}]><div class=\"swiper-wrapper\"><div class=\"swiper-slide dsm_image_carousel_item\"><img src=\"https:\/\/studiocreamine.fr\/wp-content\/uploads\/2022\/02\/1_IMG_3427.jpg\" data-src=\"https:\/\/studiocreamine.fr\/wp-content\/uploads\/2022\/02\/1_IMG_3427.jpg\" width=\"562\" height=\"749\" class=\"swiper-lazy\" title=\"1_IMG_3427\" \/><\/div><div class=\"swiper-slide dsm_image_carousel_item\"><img src=\"https:\/\/studiocreamine.fr\/wp-content\/uploads\/2022\/02\/2_IMG_3431.jpg\" data-src=\"https:\/\/studiocreamine.fr\/wp-content\/uploads\/2022\/02\/2_IMG_3431.jpg\" width=\"562\" height=\"749\" class=\"swiper-lazy\" title=\"2_IMG_3431\" \/><\/div><div class=\"swiper-slide dsm_image_carousel_item\"><img src=\"https:\/\/studiocreamine.fr\/wp-content\/uploads\/2022\/02\/3_IMG_3429.jpg\" data-src=\"https:\/\/studiocreamine.fr\/wp-content\/uploads\/2022\/02\/3_IMG_3429.jpg\" width=\"562\" height=\"749\" class=\"swiper-lazy\" title=\"3_IMG_3429\" \/><\/div><div class=\"swiper-slide dsm_image_carousel_item\"><img src=\"https:\/\/studiocreamine.fr\/wp-content\/uploads\/2022\/02\/4_IMG_3432.jpg\" data-src=\"https:\/\/studiocreamine.fr\/wp-content\/uploads\/2022\/02\/4_IMG_3432.jpg\" width=\"562\" height=\"749\" class=\"swiper-lazy\" title=\"4_IMG_3432\" \/><\/div><div class=\"swiper-slide dsm_image_carousel_item\"><img src=\"https:\/\/studiocreamine.fr\/wp-content\/uploads\/2022\/02\/5_Sentier-Pedagogique-Micy-DH.jpg\" data-src=\"https:\/\/studiocreamine.fr\/wp-content\/uploads\/2022\/02\/5_Sentier-Pedagogique-Micy-DH.jpg\" width=\"562\" height=\"749\" class=\"swiper-lazy\" title=\"5_Sentier Pedagogique Micy-DH\" \/><\/div><div class=\"swiper-slide dsm_image_carousel_item\"><img src=\"https:\/\/studiocreamine.fr\/wp-content\/uploads\/2022\/02\/6_Oiseaux-De-Loire_EXEnew.jpg\" data-src=\"https:\/\/studiocreamine.fr\/wp-content\/uploads\/2022\/02\/6_Oiseaux-De-Loire_EXEnew.jpg\" width=\"999\" height=\"749\" class=\"swiper-lazy\" title=\"6_Oiseaux De Loire_EXEnew\" \/><\/div><div class=\"swiper-slide dsm_image_carousel_item\"><img src=\"https:\/\/studiocreamine.fr\/wp-content\/uploads\/2022\/02\/7_IMG_3434.jpg\" data-src=\"https:\/\/studiocreamine.fr\/wp-content\/uploads\/2022\/02\/7_IMG_3434.jpg\" width=\"562\" height=\"749\" class=\"swiper-lazy\" title=\"7_IMG_3434\" \/><\/div><\/div><\/div><div class=\"swiper-button-prev\"><\/div><div class=\"swiper-button-next\"><\/div><div class=\"swiper-pagination\"><\/div>\n\t\t\t\t<\/div>\n\t\t\t<\/div>SITOMAP (Syndicat Intercommunal pour l&#8217;\u00e9limination des d\u00e9chets m\u00e9nagers du Pithiverais) Cr\u00e9ation de [&hellip;]<\/p>\n","protected":false},"author":1,"featured_media":0,"parent":0,"menu_order":0,"comment_status":"closed","ping_status":"closed","template":"","meta":{"_et_pb_use_builder":"on","_et_pb_old_content":"<!-- wp:divi\/placeholder \/-->","_et_gb_content_width":""},"yoast_head":"<!-- This site is optimized with the Yoast SEO plugin v18.8 - https:\/\/yoast.com\/wordpress\/plugins\/seo\/ -->\n<title>Panneaux, signal\u00e9tique - Studio Cr\u00e9amine<\/title>\n<meta name=\"robots\" content=\"index, follow, max-snippet:-1, max-image-preview:large, max-video-preview:-1\" \/>\n<link rel=\"canonical\" href=\"http:\/\/studiocreamine.fr\/index.php\/panneaux-signaletique\/\" \/>\n<meta property=\"og:locale\" content=\"fr_FR\" \/>\n<meta property=\"og:type\" content=\"article\" \/>\n<meta property=\"og:title\" content=\"Panneaux, signal\u00e9tique - Studio Cr\u00e9amine\" \/>\n<meta property=\"og:description\" content=\"Identit\u00e9 visuelleLe Studio Cr\u00e9amine est sp\u00e9cialis\u00e9 en cr\u00e9ation de logo. 20 ans d&#039;exp\u00e9rience et de passion. Cr\u00e9ation Identit\u00e9 visuelle vectorielle avec pr\u00e9sentation diff\u00e9rents axes de recherche. Logo nom commercial, cr\u00e9ation d&#039;entreprise \/ Relooking de logo Marques pour lancement de produits \/ Logo visuel \u00e9v\u00e8nement\" \/>\n<meta property=\"og:url\" content=\"http:\/\/studiocreamine.fr\/index.php\/panneaux-signaletique\/\" \/>\n<meta property=\"og:site_name\" content=\"Studio Cr\u00e9amine\" \/>\n<meta property=\"article:modified_time\" content=\"2022-03-08T15:18:36+00:00\" \/>\n<meta name=\"twitter:card\" content=\"summary_large_image\" \/>\n<meta name=\"twitter:label1\" content=\"Dur\u00e9e de lecture estim\u00e9e\" \/>\n\t<meta name=\"twitter:data1\" content=\"4 minutes\" \/>\n<script type=\"application\/ld+json\" class=\"yoast-schema-graph\">{\"@context\":\"https:\/\/schema.org\",\"@graph\":[{\"@type\":\"Organization\",\"@id\":\"https:\/\/studiocreamine.fr\/#organization\",\"name\":\"Studio Cr\u00e9amine\",\"url\":\"https:\/\/studiocreamine.fr\/\",\"sameAs\":[],\"logo\":{\"@type\":\"ImageObject\",\"inLanguage\":\"fr-FR\",\"@id\":\"https:\/\/studiocreamine.fr\/#\/schema\/logo\/image\/\",\"url\":\"http:\/\/studiocreamine.fr\/wp-content\/uploads\/2022\/01\/logo-CREAMINE-site.png\",\"contentUrl\":\"http:\/\/studiocreamine.fr\/wp-content\/uploads\/2022\/01\/logo-CREAMINE-site.png\",\"width\":1851,\"height\":1337,\"caption\":\"Studio Cr\u00e9amine\"},\"image\":{\"@id\":\"https:\/\/studiocreamine.fr\/#\/schema\/logo\/image\/\"}},{\"@type\":\"WebSite\",\"@id\":\"https:\/\/studiocreamine.fr\/#website\",\"url\":\"https:\/\/studiocreamine.fr\/\",\"name\":\"Studio Cr\u00e9amine\",\"description\":\"\",\"publisher\":{\"@id\":\"https:\/\/studiocreamine.fr\/#organization\"},\"potentialAction\":[{\"@type\":\"SearchAction\",\"target\":{\"@type\":\"EntryPoint\",\"urlTemplate\":\"https:\/\/studiocreamine.fr\/?s={search_term_string}\"},\"query-input\":\"required name=search_term_string\"}],\"inLanguage\":\"fr-FR\"},{\"@type\":\"WebPage\",\"@id\":\"http:\/\/studiocreamine.fr\/index.php\/panneaux-signaletique\/#webpage\",\"url\":\"http:\/\/studiocreamine.fr\/index.php\/panneaux-signaletique\/\",\"name\":\"Panneaux, signal\u00e9tique - Studio Cr\u00e9amine\",\"isPartOf\":{\"@id\":\"https:\/\/studiocreamine.fr\/#website\"},\"datePublished\":\"2022-01-27T09:48:08+00:00\",\"dateModified\":\"2022-03-08T15:18:36+00:00\",\"breadcrumb\":{\"@id\":\"http:\/\/studiocreamine.fr\/index.php\/panneaux-signaletique\/#breadcrumb\"},\"inLanguage\":\"fr-FR\",\"potentialAction\":[{\"@type\":\"ReadAction\",\"target\":[\"http:\/\/studiocreamine.fr\/index.php\/panneaux-signaletique\/\"]}]},{\"@type\":\"BreadcrumbList\",\"@id\":\"http:\/\/studiocreamine.fr\/index.php\/panneaux-signaletique\/#breadcrumb\",\"itemListElement\":[{\"@type\":\"ListItem\",\"position\":1,\"name\":\"Accueil\",\"item\":\"https:\/\/studiocreamine.fr\/\"},{\"@type\":\"ListItem\",\"position\":2,\"name\":\"Panneaux, signal\u00e9tique\"}]}]}<\/script>\n<!-- \/ Yoast SEO plugin. -->","yoast_head_json":{"title":"Panneaux, signal\u00e9tique - Studio Cr\u00e9amine","robots":{"index":"index","follow":"follow","max-snippet":"max-snippet:-1","max-image-preview":"max-image-preview:large","max-video-preview":"max-video-preview:-1"},"canonical":"http:\/\/studiocreamine.fr\/index.php\/panneaux-signaletique\/","og_locale":"fr_FR","og_type":"article","og_title":"Panneaux, signal\u00e9tique - Studio Cr\u00e9amine","og_description":"Identit\u00e9 visuelleLe Studio Cr\u00e9amine est sp\u00e9cialis\u00e9 en cr\u00e9ation de logo. 20 ans d'exp\u00e9rience et de passion. Cr\u00e9ation Identit\u00e9 visuelle vectorielle avec pr\u00e9sentation diff\u00e9rents axes de recherche. Logo nom commercial, cr\u00e9ation d'entreprise \/ Relooking de logo Marques pour lancement de produits \/ Logo visuel \u00e9v\u00e8nement","og_url":"http:\/\/studiocreamine.fr\/index.php\/panneaux-signaletique\/","og_site_name":"Studio Cr\u00e9amine","article_modified_time":"2022-03-08T15:18:36+00:00","twitter_card":"summary_large_image","twitter_misc":{"Dur\u00e9e de lecture estim\u00e9e":"4 minutes"},"schema":{"@context":"https:\/\/schema.org","@graph":[{"@type":"Organization","@id":"https:\/\/studiocreamine.fr\/#organization","name":"Studio Cr\u00e9amine","url":"https:\/\/studiocreamine.fr\/","sameAs":[],"logo":{"@type":"ImageObject","inLanguage":"fr-FR","@id":"https:\/\/studiocreamine.fr\/#\/schema\/logo\/image\/","url":"http:\/\/studiocreamine.fr\/wp-content\/uploads\/2022\/01\/logo-CREAMINE-site.png","contentUrl":"http:\/\/studiocreamine.fr\/wp-content\/uploads\/2022\/01\/logo-CREAMINE-site.png","width":1851,"height":1337,"caption":"Studio Cr\u00e9amine"},"image":{"@id":"https:\/\/studiocreamine.fr\/#\/schema\/logo\/image\/"}},{"@type":"WebSite","@id":"https:\/\/studiocreamine.fr\/#website","url":"https:\/\/studiocreamine.fr\/","name":"Studio Cr\u00e9amine","description":"","publisher":{"@id":"https:\/\/studiocreamine.fr\/#organization"},"potentialAction":[{"@type":"SearchAction","target":{"@type":"EntryPoint","urlTemplate":"https:\/\/studiocreamine.fr\/?s={search_term_string}"},"query-input":"required name=search_term_string"}],"inLanguage":"fr-FR"},{"@type":"WebPage","@id":"http:\/\/studiocreamine.fr\/index.php\/panneaux-signaletique\/#webpage","url":"http:\/\/studiocreamine.fr\/index.php\/panneaux-signaletique\/","name":"Panneaux, signal\u00e9tique - Studio Cr\u00e9amine","isPartOf":{"@id":"https:\/\/studiocreamine.fr\/#website"},"datePublished":"2022-01-27T09:48:08+00:00","dateModified":"2022-03-08T15:18:36+00:00","breadcrumb":{"@id":"http:\/\/studiocreamine.fr\/index.php\/panneaux-signaletique\/#breadcrumb"},"inLanguage":"fr-FR","potentialAction":[{"@type":"ReadAction","target":["http:\/\/studiocreamine.fr\/index.php\/panneaux-signaletique\/"]}]},{"@type":"BreadcrumbList","@id":"http:\/\/studiocreamine.fr\/index.php\/panneaux-signaletique\/#breadcrumb","itemListElement":[{"@type":"ListItem","position":1,"name":"Accueil","item":"https:\/\/studiocreamine.fr\/"},{"@type":"ListItem","position":2,"name":"Panneaux, signal\u00e9tique"}]}]}},"_links":{"self":[{"href":"https:\/\/studiocreamine.fr\/index.php\/wp-json\/wp\/v2\/pages\/794"}],"collection":[{"href":"https:\/\/studiocreamine.fr\/index.php\/wp-json\/wp\/v2\/pages"}],"about":[{"href":"https:\/\/studiocreamine.fr\/index.php\/wp-json\/wp\/v2\/types\/page"}],"author":[{"embeddable":true,"href":"https:\/\/studiocreamine.fr\/index.php\/wp-json\/wp\/v2\/users\/1"}],"replies":[{"embeddable":true,"href":"https:\/\/studiocreamine.fr\/index.php\/wp-json\/wp\/v2\/comments?post=794"}],"version-history":[{"count":21,"href":"https:\/\/studiocreamine.fr\/index.php\/wp-json\/wp\/v2\/pages\/794\/revisions"}],"predecessor-version":[{"id":2157,"href":"https:\/\/studiocreamine.fr\/index.php\/wp-json\/wp\/v2\/pages\/794\/revisions\/2157"}],"wp:attachment":[{"href":"https:\/\/studiocreamine.fr\/index.php\/wp-json\/wp\/v2\/media?parent=794"}],"curies":[{"name":"wp","href":"https:\/\/api.w.org\/{rel}","templated":true}]}}